(-10)). Let l be t/(-4) - 10/(-4). What is x(l)?
4
Let l(r) = 1. Let w(g) = -g**2 - 1. Let h(q) = -2*l(q) - w(q). Let s(v) be the first derivative of h(v). Let o be 66/(-15) - (-2)/5. Give s(o).
-8
Let p be 1 - (2 - 0) - 48. Let u be p/(-35) + 2/(-5). Let z(v) be the first derivative of -2*v**3/3 + v**2 - v + 1. What is z(u)?
-1
Suppose -u - 1 + 2 = 0. Let o(r) = u - r**3 - 7*r**3 + 9*r**3 - 5*r**2 + 5*r. Suppose 3*n - 9 = 3. Give o(n).
5
Let o(q) = q**2 + 2*q**2 + 108 - 4*q**2 - q**3 - 106 - 3*q. Determine o(2).
-16
Let i(q) = 8*q**3 + q**2 - q - 1. Let a be i(-1). Let t(p) = -p - 10. Let u be t(a). Let d(c) = c**3 + 3*c**2 - c - 1. Give d(u).
2
Let c(u) = 9*u + 1. Let b(j) = -j**2 + 16*j + 16. Let w be b(17). Calculate c(w).
-8
Let i be (-17)/5 + (-4)/(-10). Let k(s) = -s + 49 - 47 + 2*s. Calculate k(i).
-1
Suppose c - 8 - 9 = -3*l, 4*l - 16 = 2*c. Let a(r) = r**2 + c*r + 10 + r - 7. Determine a(-4).
7
Let s(q) = -3*q**2 - 1. Let g(l) = l + 5. Let v be g(-4). Give s(v).
-4
Let x(k) = -13*k**2 - 5*k**3 - 10*k - 2*k - 11 + k. Let j(w) = -2*w**3 - 6*w**2 - 5*w - 5. Let q(c) = 7*j(c) - 3*x(c). Calculate q(4).
6
Let j(i) be the first derivative of i**2/2 + 9*i - 7. What is j(-7)?
2
Let c(s) = s. Suppose -4*g - 4 = 0, -3*w + 4*g - 6 = 17. What is c(w)?
-9
Suppose 0 = -6*k + 10*k - 20. Let l(f) = 3*f - 7. Calculate l(k).
8
Let s(c) = 5*c + 5. Let d(n) be the second derivative of n**3/6 + n**2/2 - n. Let j be (-6)/10 - (-34)/(-10). Let p(l) = j*d(l) + s(l). Calculate p(-3).
-2
Let z(r) be the first derivative of -r**3/3 - 2*r**2 + 59. Suppose 0 = -2*f + w - 10 - 2, -w = 5*f + 16. What is z(f)?
0
Let k(f) = f**3 - 4*f**2 - 3*f + 5. Let i be (-4)/(-6) - (-20)/6. Let d(o) = -6*o + 8*o - 4*o + 3*o. Let b be d(i). Give k(b).
-7
Let l(w) = 10 - 2*w - w**2 - 3 - 3. What is l(3)?
-11
Let d(a) = -7*a**3 - 3*a**2 + 3*a - 27. Let z(n) = -4*n**3 - 2*n**2 + 2*n - 14. Let j(r) = -3*d(r) + 5*z(r). Give j(0).
11
Suppose -5 = -2*a + i, 5*i - i + 8 = -4*a. Let g(v) be the second derivative of v - 1/2*v**2 + 7/6*v**3 + 0. What is g(a)?
6
Let d(g) be the third derivative of g**8/2520 - g**7/5040 - g**6/720 + 2*g**5/15 + 5*g**2. Let o(u) be the third derivative of d(u). Determine o(-1).
8
Let i(a) = -a**2. Suppose -3*y + 2*y + 20 = 4*n, 15 = -2*y + 3*n. Let f be i(y). Let h(c) = c**2 - c + 1. Determine h(f).
1
Let j be (-4)/2 + (-1 - -5). Let q(g) = 4*g + 14 + 3 + g**j - 12. Calculate q(-5).
10
Let j(z) = z**2 - 6*z - 2. Suppose 2*g = -0 + 14. Determine j(g).
5
Let i = -2 + -1. Let l(b) be the third derivative of b**4/6 - 14*b**2. What is l(i)?
-12
Let j(t) = -t**3 - t - 6. Let h be (-2)/(-4)*12/1. Let w = h - 6. Give j(w).
-6
Suppose 0 = -7*l + 2*l - 10. Let q = 6 + l. Let o(p) = 0*p**2 - p**2 + 0 - 1 + 5*p. Calculate o(q).
3
Let w(j) = -2*j - 8. Let c be w(-5). Let h(g) = -7*g. Calculate h(c).
-14
Let z(k) = k + 2. Suppose l - 1 - 8 = -3*b, b - 3*l + 7 = 0. Suppose -3*i = 3*n - 15, 0 = -3*n - 2*i - b*i + 20. Calculate z(n).
2
Let a(f) = f - 2. Suppose 3*z - 2*b + 4 = -0*z, 2*z + 2 = 2*b. Let n = z + 3. Let l = 3 - n. Give a(l).
0
Let l(n) be the second derivative of -n**4/3 + n**2 - n. Let b(a) be the first derivative of l(a). What is b(-1)?
8
Let a be (-1)/2*(5 + -5). Let u(w) = 4*w**3 - 3*w**3 - w - 8 + 0*w. What is u(a)?
-8
Let r = 3 - -2. Let h(n) = 3*n**2 - 5*n - 2. Let q(l) = 10*l**2 - 16*l - 6. Let i(d) = 7*h(d) - 2*q(d). Calculate i(r).
8
Let q(j) = -j**2 - 5*j + 8. Let i be q(-6). Let t(f) = 3*f - 7. Let w(p) = 2*p - 4. Let z(y) = -6*t(y) + 11*w(y). Calculate z(i).
6
Let h(r) = -r**3 - 6*r**2 - 3*r + 7. Suppose -a = 2*l + l + 17, -4*a = 4*l + 36. Give h(a).
-3
Let y(m) = -7*m. Let l be y(-1). Suppose 5*w + 2*r + 18 = -l, -2*w + 4*r = 10. Let s(c) = -3*c + 8. Let a(f) = f. Let i(d) = 4*a(d) + s(d). Give i(w).
3
Let i(t) = t + 9. Suppose 0 = 3*u - 4*u. Suppose w + w = u. Give i(w).
9
Let c = 13 - 8. Let n(v) be the third derivative of 0 + 1/8*v**4 + 0*v - v**2 - 1/120*v**6 - 1/60*v**c + 1/3*v**3. Calculate n(-3).
11
Let i(g) = -2*g**3 - 2*g**2. Let j be i(-2). Let s(r) = 7*r + 3 + 4*r - j*r - r. Give s(3).
9
Let c = 0 + -1. Let a(t) = 6*t**3 - 2*t. Let v(q) = -q**2 - 1. Let y(r) = c*v(r) + a(r). What is y(1)?
6
Suppose -5*j + 15 = 2*b - b, 2*b - 2*j - 6 = 0. Suppose 3*i = -b + 2. Let r(x) = -x + 1. Let q(f) = 3*f**3 - f**2 + f. Let m(s) = -q(s) - r(s). Determine m(i).
3
Suppose 1 = o - 5*x + 3, 0 = -o + x + 2. Let j(b) = 4*b - o*b - 3*b + 4*b - 3. Determine j(-3).
-9
Let j = 51 + -50. Let c(n) = -2*n. Determine c(j).
-2
Suppose 6*h - 4*h - 8 = 0. Let y(t) = -t**2 + 5*t + 2. Give y(h).
6
Let h(k) be the third derivative of k**7/5040 - k**5/15 - 4*k**2. Let c(y) be the third derivative of h(y). Give c(-5).
-5
Let a(z) be the third derivative of z**7/2520 + z**6/240 + z**5/20 + 6*z**2. Let v(w) be the third derivative of a(w). Determine v(3).
9
Let g(m) = 2*m - 3. Let x(l) = -3*l + 4. Suppose y - 3*t + 2 = 0, -t = 3*y - 2*t - 18. Let d(i) = y*g(i) + 5*x(i). Calculate d(4).
-5
Suppose 2*p - 5 + 1 = 0. Suppose -12 = 2*t + p*i, -3*t + i + i = -2. Let g(d) = -d**3 - 3*d**2 - 4*d - 2. What is g(t)?
2
Let p(g) be the second derivative of -1/2*g**2 + 1/2*g**3 - 9*g + 0. Give p(-4).
-13
Let s(d) = -2*d**2 - 1 + 7*d**2 + d**2 - d**3. Give s(6).
-1
Let z(t) be the first derivative of -2*t + 1/12*t**4 + 3/2*t**2 + 1 - 5/6*t**3. Let i(m) be the first derivative of z(m). Determine i(5).
3
Let d(w) = 4*w**2 - 4*w + 6. Let m(z) = z**2. Let y(n) = -5*n + 5. Let k(g) = 5*m(g) + y(g). Let i(r) = -4*d(r) + 3*k(r). Calculate i(0).
-9
Let s(y) = -y**2 + 6*y + 4. Let w be s(6). Let n(r) = r**2 - 3*r - 2. Determine n(w).
2
Suppose 10 = -2*m - 4*g, 3*m - g = -5 - 3. Let x be m/15 - (-6)/5. Let i(t) = -t + 1. What is i(x)?
0
Let r(b) be the third derivative of b**9/60480 - b**8/4032 + b**7/1680 + b**6/240 + b**5/30 + 3*b**2. Let l(j) be the third derivative of r(j). What is l(3)?
-6
Let x = 2 - -4. Let k(d) = 2 + d + 0*d - x. Let i = 3 + 2. What is k(i)?
1
Let q be (-2 + 0 - 0)*6/12. Let s(d) = -3*d + 1. Give s(q).
4
Suppose -2*h + 2 = -2. Suppose h = -l + 5. Let a(b) = 0 + 0 + l + b**2. Give a(0).
3
Let m(r) = r**2 + 8*r + 6. Let a be (-4)/(-6)*(-30)/(-20). Let v(b) = -3*b**2 - 1. Let y be v(a). Determine m(y).
-10
Let p(i) be the third derivative of -i**8/20160 + i**6/720 - i**5/20 - 2*i**2. Let t(y) be the third derivative of p(y). What is t(1)?
0
Let n = -1 - -1. Suppose -3*m + n*m = -9. Let u(w) = m + 3*w**2 + 5*w**3 - 4*w**3 + 1 + w. What is u(-3)?
1
Let d(f) be the first derivative of -f**2/2 + 2. Suppose 0 = 4*a - 8 - 8. Determine d(a).
-4
Let x(j) = -6*j**3 + 1. Let a be x(-1). Let t(v) = 0*v**2 - v - 2*v**2 + 6 + 3*v**2 + a*v. What is t(-4)?
-2
Suppose 4*k = -2*o + 3*o - 20, 2*k + 10 = 3*o. Let l(n) be the first derivative of -n**2/2 + 4*n + 3. Determine l(o).
4
Let d(u) be the first derivative of -3*u**2/2 - 4*u + 12. Calculate d(-3).
5
Let d(z) = z**3 + 2*z**2 - 2*z. Suppose 0*r - x = 4*r + 7, 0 = -r - 2*x. What is d(r)?
4
Suppose 3*z = -q + 6*z + 15, -z = -q + 7. Suppose -x = q - 7. Let b(c) = -c**2 + 6*c - 1. What is b(x)?
7
Let w(p) be the third derivative of p**4/24 + p**3/2 - 9*p**2. Give w(7).
10
Suppose 20 = 5*w, -2*y = w - 4*w + 10. Let s(u) = 2*u**2 - u + 1. Give s(y).
2
Let p(m) = -5 + m - 1 + 0. What is p(-7)?
-13
Let i(c) = -c**2 + 4*c - 7. Let z be i(3). Let f(d) be the first derivative of -1/2*d**2 - 5*d - 1. Calculate f(z).
-1
Let w(p) be the second derivative of p**8/6720 + p**7/420 + p**6/180 - p**5/120 - 3*p**4/4 + 9*p. Let a(j) be the third derivative of w(j). Give a(-5).
4
Let g be 2*(-1)/6*-33. Suppose -6*s = -g*s - 25. Let z(n) = 5*n + n**2 - 2*n + 3*n. What is z(s)?
-5
Let h(d) = 2*d + 8. Let b(g) = -g - 1. Let y(c) = 6*b(c) + h(c). Calculate y(2).
-6
Let x(t) = 74 + 3*t - 74. Calculate x(1).
3
Let u(i) = i**3 + i**2 - 6. Let q = -5 + 5. What is u(q)?
-6
Suppose 5*k - 1 = 9. Let o(g) = 4*g + g - k*g - 5*g + 5. Suppose 2*t - 13 = -5*l + 20, 0 = 2*l + 3*t - 22. Calculate o(l).
-5
Let j(k) be the second derivative of -7*k**4/12 - 8*k**3/3 + 13*k**2/2 - k. Let a(t) = 4*t**2 + 8*t - 7. Let c(h) = 5*a(h) + 3*j(h). Give c(-6).
16
Suppose 5*v - 13*v + 8 = 0. Let w(i) = i**2 - 2*i + 2. Let a(g) = g - 1. Let d(q) = 3*a(q) + 2*w(q). Determine d(v).
2
Let m(l) 